culate r(4).
8
Let w(t) = -13*t + 19. Let b(a) = -7*a + 10. Let l(y) = 11*b(y) - 6*w(y). What is l(3)?
-1
Let y(h) = 5*h - 12*h + h - h**2 + 7. Give y(-6).
7
Let r(g) = -2*g**3 - 5*g**2 - 12*g - 3. Let f(w) = -w**3 - 3*w**2 - 6*w - 2. Let s(q) = 5*f(q) - 2*r(q). Give s(-4).
4
Let b(h) be the second derivative of -h**5/20 - h**4/4 - h**3/6 - h**2/2 + 38*h. Let d(k) = k**3 + 6*k**2 + 2*k + 9. Let p be d(-6). Give b(p).
2
Suppose -p = -4 + 1. Suppose -p*j - 2 = 4*n, -1 = 5*n - 2*j + 5*j. Let r(v) be the third derivative of v**6/20 - v**5/60 + v**4/24 + v**2. What is r(n)?
6
Let b = -3/5 + 41/60. Let u(s) be the third derivative of -1/60*s**5 + s**2 + b*s**4 + 0 + 0*s + 2/3*s**3. Calculate u(-3).
-11
Let u(i) be the second derivative of i**7/2520 + i**6/360 - i**5/30 + 5*i**4/12 - 5*i. Let d(s) be the third derivative of u(s). Calculate d(-4).
4
Let h(z) = -z**3 - 2*z**2 + 3*z + 3. Let n = -21 + 51. Suppose 6*o - n = o. Suppose 7*b = -2*x + 2*b + 1, 2*b + o = -4*x. Calculate h(x).
-3
Suppose 5*a - 80 = 25. Suppose 2*r - 9 = -a. Let p be (-19)/r + 2/(-12). Let z(w) = -w**2 + 2*w + 2. Determine z(p).
-1
Let f(q) = q**2 - 7*q + 8. Let w be f(6). Let a(y) = -1 - 46*y - 47*y - 2 + 98*y. Calculate a(w).
7
Let n(v) = v**3 + 8*v**2 + v + 2. Let l be n(-8). Let y(j) = -j - 1. Calculate y(l).
5
Let k(q) = -q - 2. Let j = 36 + -26. Let p(n) = -n + 10. Let d be p(j). Let h = -5 - d. Determine k(h).
3
Let f(u) be the second derivative of -u**6/360 - u**5/15 - 7*u**4/24 - u**3/6 + u. Let s(z) be the second derivative of f(z). What is s(-5)?
8
Let n = 6 + -6. Suppose n = 5*y - y. Let t(g) = g**2 + g - 9. Determine t(y).
-9
Let y(d) = -1 + 2*d - 1 - 3 - d. Suppose 16 + 2 = 3*l. Give y(l).
1
Let o = 1 - 0. Let c be 2 + o/(-2 + 1). Let h(t) = 2*t**2 - 2*t**2 - 2*t**2. Determine h(c).
-2
Suppose -8*k + 16 = -4*k. Let y(x) = x**3 - 5*x**2 + 6*x - 6. Give y(k).
2
Let p = 3 + -1. Suppose -x = -p*x - 3. Let s(t) = -4*t**2 - 4 - 2*t**2 - 4*t + 2*t**2 - t**3. Calculate s(x).
-1
Let v be -2*(4/(-10) + (-170)/200). Let y(a) be the second derivative of a**3 + 0 - 1/12*a**4 - v*a**2 - 3*a. Calculate y(5).
0
Let x(o) = 3 + 0*o**2 + 0*o**2 - o**2 + 2*o. Suppose -w - 3 = -2*w. What is x(w)?
0
Let q(d) = -d**3 - 10*d**2 - 3*d + 13. Let z(c) = c - 1. Let u(f) = -q(f) - 4*z(f). Give u(-10).
1
Let o = -13 - -8. Let c(n) = -3*n. Let r(g) = 3 - 3 + 8*g. Let p(w) = 11*c(w) + 4*r(w). Determine p(o).
5
Let s(a) be the third derivative of a**4/12 - 7*a**3/6 + a**2. Suppose -12 = -6*j + 4*j. Determine s(j).
5
Let a(v) = -v - 3. Suppose -5 = -3*t + 1. Suppose z + 8 = -w, w - t*z + 0*z = 7. Determine a(w).
0
Suppose -2*h + 4*j - 6 = 0, -2*h + 6 = -j - 0*j. Suppose 2*z + 0*f + 3*f = -1, -h*z + 35 = -5*f. Let a(d) = -d + 5. Calculate a(z).
1
Let b(j) = 2 - 5 + 2 + 11*j - 10*j. Give b(-5).
-6
Suppose 5*t = t - 4. Let j(d) = -4*d**3 - d - 1. Give j(t).
4
Let p(l) = l**3 - 4*l**2 + l - 3. Let h(o) = o**2 + 3*o - 6. Let c be h(-6). Suppose v + 2 = c. Suppose 3*d - v = 2. What is p(d)?
1
Let i(n) = n**2 - 9*n + 5. Let w be 14/49 + (-66)/(-14). Suppose 3*m + 5*c = 22, -2*m = -3*m + w*c - 6. What is i(m)?
-15
Let v(t) = 2*t - 6. Suppose 0 = 3*s + 51 - 18. Let m = -5 - s. Give v(m).
6
Let z be -1 - (-2 + 3 + 0). Let s = 3 - z. Let v = 1 - s. Let k(c) = -c**3 - 5*c**2 - 5*c - 6. Determine k(v).
-2
Let p(v) be the first derivative of -v**7/840 - v**6/120 + v**5/120 + v**4/8 - v**3 + 4. Let h(y) be the third derivative of p(y). What is h(-3)?
0
Let f(t) = 2 - 2*t - 3*t - 3*t + 5*t. Calculate f(5).
-13
Let q(o) be the third derivative of -o**6/720 + o**5/24 - o**4/12 + 2*o**2. Let x(s) be the second derivative of q(s). Calculate x(5).
0
Suppose 0*d + 2 = -5*d + 2*c, 4*d = 2*c. Let m = d - 0. Let f(i) = -i**2 - 6. Let p(k) = -k**2 + k - 7. Let v(l) = 5*f(l) - 4*p(l). Determine v(m).
2
Let n(c) = -4 - 2*c + 13*c - 4*c - 8*c. Calculate n(-8).
4
Suppose 0 = 2*l + l - 2*r - 8, 3*l + 5*r - 1 = 0. Let t(q) = -3*q**3 + 4*q**2 - 4*q + 3. What is t(l)?
-13
Suppose l + 5*m - 2*m = 0, 2*m + 14 = 4*l. Let z(b) = -b**3 + 2*b**2 + 2*b. What is z(l)?
-3
Let u(q) = 5*q**2 + 2*q - 2 + q**3 - 2*q**3 - q. Let s be 28/(-2)*(-2)/4. Let b = s - 2. What is u(b)?
3
Let d(c) = -c**3 - 6*c**2 - 8*c - 6. Let j be 0/(-1) - 15/(-3). Let l = j - 10. What is d(l)?
9
Let p be ((-4)/9)/((-13)/117). Let q(y) be the second derivative of y**5/20 - y**4/4 - 2*y**3/3 + y**2/2 - y. Determine q(p).
1
Let z be -4 + (-28)/(-4)*1. Let a(l) be the second derivative of l - 1/4*l**4 - 1/3*l**z + 0 - 2*l**2 + 1/20*l**5. Determine a(3).
-10
Let x(w) = 3*w**2 - 1 + 12*w - w**2 - 10*w. Determine x(-2).
3
Let i be 7 + -9 - (-7)/1. Let p(s) = s**2 - 5*s + 7. What is p(i)?
7
Let p = -46 - -48. Let r(i) = -2*i - 1. Give r(p).
-5
Let w = -110 - -115. Let y(q) = q + 2. What is y(w)?
7
Suppose 3*n - 6 = -0. Suppose 0 = n*z + 2*z - 8. Let d(b) = 5 + 0 + 5*b + 2 + b**z. What is d(-5)?
7
Let b be ((-2 - -2)*-1)/(-2). Let r(t) = -3*t + b*t + 0*t. Let c be (-4 + 5)/((-2)/(-4)). What is r(c)?
-6
Suppose 4*q - 5*y - 4 + 33 = 0, -2*q - 3*y = -13. Let o(v) = 5 - v**2 - 1 - 3. Determine o(q).
0
Let q(y) = -y + 2. Let h(f) = -f + 1. Let m(p) = 2*h(p) - q(p). Calculate m(-6).
6
Let k(b) be the first derivative of b**2/2 + 5*b - 5. Give k(-4).
1
Let t(h) = -h**2 - 9*h - 17. Let k be t(-7). Let v(n) = -n**2 - 3*n - 3. What is v(k)?
-3
Let o(k) = 20 + 9 - k - 30. What is o(-8)?
7
Suppose -3*t = -0*t. Suppose y = t, 2*v + 3*y = -v + 12. Let o(k) = 2*k - 6. Let s(d) = -d + 3. Let b(n) = -6*o(n) - 13*s(n). Give b(v).
1
Let p(x) = 3*x**3 + 3*x**2 - 2*x - 1. Let j(f) = f**3 + f**2 - f - 1. Let a(i) = -2*j(i) + p(i). What is a(-1)?
1
Let b(l) = -2*l**3 - 3*l - 1. Suppose 4*m = 7*m + 6. What is b(m)?
21
Suppose 3*m + 3*p = -3, -1 = -5*m - 3*p + 2. Let f(q) = -5*q**2 + 4*q - 4. Let t(b) = b**2. Let s(v) = f(v) + 4*t(v). What is s(m)?
-1
Let b(p) = p**2 + 6*p - 7. Suppose i + 5*a + 14 = 3*a, -4*i = a + 28. What is b(i)?
-7
Let s be 1*(0/(-1))/(18/9). Let g(z) = z**2 + z + 1. What is g(s)?
1
Let h(i) = -7*i**3 - 3*i**2 - 7*i + 5. Let l(c) = 3*c**3 + 2*c**2 + 4*c - 3. Let m(x) = -4*h(x) - 7*l(x). Determine m(1).
6
Let v(f) = 11*f**2. Suppose -9*l = -13 + 4. Calculate v(l).
11
Let b(j) = -j + 4. Let z(l) = -2*l + 9. Let f be z(6). Determine b(f).
7
Suppose 0 = 14*k - 13*k + 5. Let g(n) = -n**2 - 5*n - 5. Calculate g(k).
-5
Let z(a) = -3 - 3*a**3 + a**2 + a**2 + 2*a**3 + 5. Give z(2).
2
Let x(y) be the first derivative of y**4/4 - y**3/3 - y**2/2 - 5*y + 19. Let m(w) = w**2 - 2*w + 1. Let n be m(1). Determine x(n).
-5
Suppose 2*k + 4*o - 2 = -k, 4*k - 5*o - 13 = 0. Let p(t) = t**3 + 3*t**2 - 3*t + t + 2*t**3 - k*t**3. Determine p(-3).
6
Let n(k) = -k**3 + 2*k**3 - 3*k**2 + 4 - 2*k**3 + 3*k. Let d(r) = r**3 + 7*r**2 + 6*r + 3. Let v be d(-6). Let p be (0 - -1)/(v/(-9)). Calculate n(p).
-5
Let z(h) be the third derivative of 0 + 0*h + 1/3*h**3 - 1/8*h**4 + 5*h**2. Calculate z(2).
-4
Let w be ((-2)/(-2))/(-1*4/16). Let t(m) = -m + 1. Let p be (-1 - 1)/(3 - 2). Let q(r) = r. Let g(o) = p*q(o) - 3*t(o). Calculate g(w).
-7
Let x(f) = 2*f + 2. Let k(l) be the second derivative of -l**5/5 + l**4/12 + 3*l. Let i be k(1). Determine x(i).
-4
Let n(c) = 2*c**3 - c. Suppose -y = -2*w - 12, 3*w + 7 = -4*y - 0*w. Let h be (y - (-2 - -5)) + 2. Suppose l = -0 + h. What is n(l)?
1
Suppose -6*t + 2*t = -8. Let i(d) be the first derivative of d**3/3 - d**2 - d - 14. Determine i(t).
-1
Let v = 7 + -12. Let n(y) = -173 - 174 + 345 + 6*y + y**2. Give n(v).
-7
Let z be (-1)/(-2*(-3)/(-30)). Suppose 0 = z*o - 3*o. Let m(u) be the second derivative of u**4/12 - u**3/6 + 7*u**2/2 - u. Give m(o).
7
Let f(p) = 3 - p**3 - 2*p + 3*p**2 - 2*p + 0. Suppose -66 = -11*m - 11*m. Determine f(m).
-9
Let d(a) be the second derivative of -a**7/315 + a**5/120 - a**4/4 - 5*a. Let f(o) be the third derivative of d(o). What is f(-1)?
-7
Let t(k) = -k**2 + 8*k - 4. Let h(z) = -z - 1. Let i be h(-7). What is t(i)?
8
Suppose -5*p + 6 = -2*p. Let q(n) be the second derivative of 0 - p*n**2 + 1/6*n**3 - 2*n. Give q(3).
-1
Let f(i) be the first derivative of 11*i**4/2 - 2*i**3/3 - i**2 - i - 42. Determine f(-1).
-23
Suppose -4*x - x - 20 = 0. Let u(l) = 3 + l**3 + 5*l**2 + 3*l**3 - 3*l**3 + 4*l. What is u(x)?
3
Let g(v) be the third 